{"id":1453,"date":"2022-03-25T23:02:17","date_gmt":"2022-03-25T23:02:17","guid":{"rendered":"https:\/\/www.ngv.nl\/hoofd\/?page_id=1453"},"modified":"2025-10-16T14:45:25","modified_gmt":"2025-10-16T12:45:25","slug":"ondersteuning","status":"publish","type":"page","link":"https:\/\/www.ngv.nl\/hoofd\/ondersteuning\/","title":{"rendered":"Ondersteuning"},"content":{"rendered":"\n<h3 class=\"wp-block-heading\">Ondersteuning<\/h3>\n\n\n\n<p>De Nederlandse Genealogische Vereniging biedt op velerlei wijzen ondersteuning bij het ontdekken van jouw familiegeschiedenis.<\/p>\n\n\n\n<p><a href=\"http:\/\/ngv.nl\/academie\/\" target=\"_blank\" rel=\"noreferrer noopener\"><strong>NGV Academie<\/strong><\/a> voor alle cursussen, lezingen, workshops, voorouder\/stamboom spreekuren, paleografie, kadaster, zoekhulpen en podcasts.<\/p>\n\n\n\n<ul class=\"wp-block-list\">\n<li>Cursus stamboomonderzoek voor beginners.<br>Deze cursus die bestaat uit zes dagdelen van ongeveer twee uur, wordt verzorgd door de regionale afdelingen van de vereniging. Achtereenvolgens komt daarbij aan bod:<br>o De start van het onderzoek<br>o Burgerlijke Stand en Bevolkingsregister<br>o Doop-, Trouw- en Begraafboeken<br>o Computerprogramma\u2019s Aldfaer en GensDataPro<br>o Zoeken op internet<br>o Heraldiek en Genetische Genealogie<\/li>\n<\/ul>\n\n\n\n<p>Er wordt een cursusmap verstrekt met readers over de bovengenoemde onderwerpen. Deze dienen thuis doorgenomen te worden. Verder kent de cursusmap een veertiental bijlagen over onderwerpen als \u2018De zeven pijlers van de genealogie\u2019, het Nationaal Register Overledenen (persoonskaartensysteem), de vernoemingsregels, het lezen van oud schrift en een vertaling van Franse en Latijnse begrippen.<\/p>\n\n\n\n<ul class=\"wp-block-list\">\n<li>Cursus Oud Schrift<br>Op afdelingsniveau worden ook cursussen aangeboden, waarin wordt geleerd oud schrift te lezen. Als men in oude notari\u00eble en gerechtelijke archieven wil duiken, is zo\u2019n cursus zeer waardevol.<\/li>\n\n\n\n<li>Inloopbijeenkomsten c.q. stamboomcaf\u00e9\u2019s<br>Degenen die een specifieke vraag hebben of zijn vastgelopen, kunnen terecht op de inloopbijeenkomsten die veelal maandelijks door de regionale afdelingen worden belegd. Vaak wordt deze bijeenkomsten aangeduid als stamboomcaf\u00e9\u2019s.<\/li>\n\n\n\n<li>Duitsland- en Belgi\u00ebdagen<br>Jaarlijks wordt een zogenaamde Duitslanddag en een Belgi\u00ebdag georganiseerd. Deze zijn bedoeld voor degenen die te maken krijgen met een voorouder in Duitsland of Belgi\u00eb en worstelen met de vraag welke bronnen daarvoor beschikbaar zijn.<\/li>\n\n\n\n<li>Incidentele evenementen<br>Geregeld worden, vaak in samenwerking met een archiefdienst en een lokale heemkundige verenigingen, evenementen georganiseerd waar veel informatie wordt aangeboden in de vorm van workshops, lezingen en informatiemarkten.<\/li>\n\n\n\n<li>Maandelijkse afdelingsbijeenkomsten<br>Alle regionale afdelingen organiseren maandelijks bijeenkomsten, waarbij een spreker vertelt over zijn onderzoek. Daarnaast worden excursies aangeboden.<\/li>\n\n\n\n<li>Collecties<br>De vereniging beschikt over uitgebreide collecties met familiegegevens. Zo in de loop der jaren ca. 1,5 mln bidprentjes en gedachteniskaartjes, 1 mln geboorte-, huwelijk- en overlijdenskaarten en ca. 10 mln krantenadvertenties verzameld. Dergelijke gegevens zijn ook op afdelingsniveau beschikbaar. Op dit moment worden deze gegevens gedigitaliseerd. Een gedeelte is op deze website al digitaal doorzoekbaar.<\/li>\n\n\n\n<li>Bibliotheek<br>Het landelijk Informatiecentrum te Bunnik herbergt een grote bibliotheek met binnen- en buitenlandse tijdschriften en vele boeken met een familiegeschiedenis. Ook vele regionale afdelingen beschikken over een bibliotheek.<\/li>\n<\/ul>\n\n\n\n<div class=\"wp-block-media-text alignwide is-stacked-on-mobile\"><figure class=\"wp-block-media-text__media\"><img loading=\"lazy\" decoding=\"async\" width=\"1024\" height=\"683\" src=\"https:\/\/www.ngv.nl\/hoofd\/wp-content\/uploads\/2025\/10\/people-looking-picture-album-1024x683.jpg\" alt=\"\" class=\"wp-image-13216 size-full\" srcset=\"https:\/\/www.ngv.nl\/hoofd\/wp-content\/uploads\/2025\/10\/people-looking-picture-album-1024x683.jpg 1024w, https:\/\/www.ngv.nl\/hoofd\/wp-content\/uploads\/2025\/10\/people-looking-picture-album-300x200.jpg 300w, https:\/\/www.ngv.nl\/hoofd\/wp-content\/uploads\/2025\/10\/people-looking-picture-album-768x512.jpg 768w, https:\/\/www.ngv.nl\/hoofd\/wp-content\/uploads\/2025\/10\/people-looking-picture-album-1536x1024.jpg 1536w, https:\/\/www.ngv.nl\/hoofd\/wp-content\/uploads\/2025\/10\/people-looking-picture-album-2048x1365.jpg 2048w, https:\/\/www.ngv.nl\/hoofd\/wp-content\/uploads\/2025\/10\/people-looking-picture-album-18x12.jpg 18w\" sizes=\"auto, (max-width: 1024px) 100vw, 1024px\" \/><\/figure><div class=\"wp-block-media-text__content\">\n<blockquote class=\"wp-block-quote is-layout-flow wp-block-quote-is-layout-flow\">\n<p><em>\u201cBlijft leuk en stimulerend om samen de resultaten van een onderzoek te bekijken\u201d<\/em><\/p>\n<\/blockquote>\n<\/div><\/div>\n","protected":false},"excerpt":{"rendered":"<p>Ondersteuning De Nederlandse Genealogische Vereniging biedt op velerlei wijzen ondersteuning bij het ontdekken van jouw &hellip;<\/p>\n","protected":false},"author":1,"featured_media":0,"parent":0,"menu_order":0,"comment_status":"closed","ping_status":"closed","template":"","meta":{"footnotes":""},"class_list":["post-1453","page","type-page","status-publish","hentry"],"yoast_head":"<!-- This site is optimized with the Yoast SEO plugin v27.3 - https:\/\/yoast.com\/product\/yoast-seo-wordpress\/ -->\n<title>Ondersteuning - Nederlandse Genealogische Vereniging<\/title>\n<meta name=\"description\" content=\"De Nederlandse Genealogische Vereniging biedt op velerlei wijzen ondersteuning bij het ontdekken van jouw familiegeschiedenis.\" \/>\n<meta name=\"robots\" content=\"index, follow, max-snippet:-1, max-image-preview:large, max-video-preview:-1\" \/>\n<link rel=\"canonical\" href=\"https:\/\/www.ngv.nl\/hoofd\/ondersteuning\/\" \/>\n<meta property=\"og:locale\" content=\"nl_NL\" \/>\n<meta property=\"og:type\" content=\"article\" \/>\n<meta property=\"og:title\" content=\"Ondersteuning - Nederlandse Genealogische Vereniging\" \/>\n<meta property=\"og:description\" content=\"De Nederlandse Genealogische Vereniging biedt op velerlei wijzen ondersteuning bij het ontdekken van jouw familiegeschiedenis.\" \/>\n<meta property=\"og:url\" content=\"https:\/\/www.ngv.nl\/hoofd\/ondersteuning\/\" \/>\n<meta property=\"og:site_name\" content=\"Nederlandse Genealogische Vereniging\" \/>\n<meta property=\"article:publisher\" content=\"https:\/\/www.facebook.com\/genealogie.ngv\" \/>\n<meta property=\"article:modified_time\" content=\"2025-10-16T12:45:25+00:00\" \/>\n<meta property=\"og:image\" content=\"https:\/\/www.ngv.nl\/hoofd\/wp-content\/uploads\/2025\/10\/people-looking-picture-album-scaled.jpg\" \/>\n\t<meta property=\"og:image:width\" content=\"2560\" \/>\n\t<meta property=\"og:image:height\" content=\"1707\" \/>\n\t<meta property=\"og:image:type\" content=\"image\/jpeg\" \/>\n<meta name=\"twitter:card\" content=\"summary_large_image\" \/>\n<meta name=\"twitter:site\" content=\"@NGV_Genealogie\" \/>\n<meta name=\"twitter:label1\" content=\"Geschatte leestijd\" \/>\n\t<meta name=\"twitter:data1\" content=\"3 minuten\" \/>\n<script type=\"application\/ld+json\" class=\"yoast-schema-graph\">{\"@context\":\"https:\\\/\\\/schema.org\",\"@graph\":[{\"@type\":\"WebPage\",\"@id\":\"https:\\\/\\\/www.ngv.nl\\\/hoofd\\\/ondersteuning\\\/\",\"url\":\"https:\\\/\\\/www.ngv.nl\\\/hoofd\\\/ondersteuning\\\/\",\"name\":\"Ondersteuning - Nederlandse Genealogische Vereniging\",\"isPartOf\":{\"@id\":\"https:\\\/\\\/www.ngv.nl\\\/hoofd\\\/#website\"},\"primaryImageOfPage\":{\"@id\":\"https:\\\/\\\/www.ngv.nl\\\/hoofd\\\/ondersteuning\\\/#primaryimage\"},\"image\":{\"@id\":\"https:\\\/\\\/www.ngv.nl\\\/hoofd\\\/ondersteuning\\\/#primaryimage\"},\"thumbnailUrl\":\"https:\\\/\\\/www.ngv.nl\\\/hoofd\\\/wp-content\\\/uploads\\\/2025\\\/10\\\/people-looking-picture-album-1024x683.jpg\",\"datePublished\":\"2022-03-25T23:02:17+00:00\",\"dateModified\":\"2025-10-16T12:45:25+00:00\",\"description\":\"De Nederlandse Genealogische Vereniging biedt op velerlei wijzen ondersteuning bij het ontdekken van jouw familiegeschiedenis.\",\"breadcrumb\":{\"@id\":\"https:\\\/\\\/www.ngv.nl\\\/hoofd\\\/ondersteuning\\\/#breadcrumb\"},\"inLanguage\":\"nl-NL\",\"potentialAction\":[{\"@type\":\"ReadAction\",\"target\":[\"https:\\\/\\\/www.ngv.nl\\\/hoofd\\\/ondersteuning\\\/\"]}]},{\"@type\":\"ImageObject\",\"inLanguage\":\"nl-NL\",\"@id\":\"https:\\\/\\\/www.ngv.nl\\\/hoofd\\\/ondersteuning\\\/#primaryimage\",\"url\":\"https:\\\/\\\/www.ngv.nl\\\/hoofd\\\/wp-content\\\/uploads\\\/2025\\\/10\\\/people-looking-picture-album-scaled.jpg\",\"contentUrl\":\"https:\\\/\\\/www.ngv.nl\\\/hoofd\\\/wp-content\\\/uploads\\\/2025\\\/10\\\/people-looking-picture-album-scaled.jpg\",\"width\":2560,\"height\":1707},{\"@type\":\"BreadcrumbList\",\"@id\":\"https:\\\/\\\/www.ngv.nl\\\/hoofd\\\/ondersteuning\\\/#breadcrumb\",\"itemListElement\":[{\"@type\":\"ListItem\",\"position\":1,\"name\":\"Home\",\"item\":\"https:\\\/\\\/www.ngv.nl\\\/hoofd\\\/\"},{\"@type\":\"ListItem\",\"position\":2,\"name\":\"Ondersteuning\"}]},{\"@type\":\"WebSite\",\"@id\":\"https:\\\/\\\/www.ngv.nl\\\/hoofd\\\/#website\",\"url\":\"https:\\\/\\\/www.ngv.nl\\\/hoofd\\\/\",\"name\":\"Nederlandse Genealogische Vereniging\",\"description\":\"\",\"publisher\":{\"@id\":\"https:\\\/\\\/www.ngv.nl\\\/hoofd\\\/#organization\"},\"potentialAction\":[{\"@type\":\"SearchAction\",\"target\":{\"@type\":\"EntryPoint\",\"urlTemplate\":\"https:\\\/\\\/www.ngv.nl\\\/hoofd\\\/?s={search_term_string}\"},\"query-input\":{\"@type\":\"PropertyValueSpecification\",\"valueRequired\":true,\"valueName\":\"search_term_string\"}}],\"inLanguage\":\"nl-NL\"},{\"@type\":\"Organization\",\"@id\":\"https:\\\/\\\/www.ngv.nl\\\/hoofd\\\/#organization\",\"name\":\"Nederlandse Genealogische Vereniging\",\"url\":\"https:\\\/\\\/www.ngv.nl\\\/hoofd\\\/\",\"logo\":{\"@type\":\"ImageObject\",\"inLanguage\":\"nl-NL\",\"@id\":\"https:\\\/\\\/www.ngv.nl\\\/hoofd\\\/#\\\/schema\\\/logo\\\/image\\\/\",\"url\":\"https:\\\/\\\/www.ngv.nl\\\/hoofd\\\/wp-content\\\/uploads\\\/2022\\\/08\\\/logo-205x108-1.jpg\",\"contentUrl\":\"https:\\\/\\\/www.ngv.nl\\\/hoofd\\\/wp-content\\\/uploads\\\/2022\\\/08\\\/logo-205x108-1.jpg\",\"width\":205,\"height\":108,\"caption\":\"Nederlandse Genealogische Vereniging\"},\"image\":{\"@id\":\"https:\\\/\\\/www.ngv.nl\\\/hoofd\\\/#\\\/schema\\\/logo\\\/image\\\/\"},\"sameAs\":[\"https:\\\/\\\/www.facebook.com\\\/genealogie.ngv\",\"https:\\\/\\\/x.com\\\/NGV_Genealogie\"]}]}<\/script>\n<!-- \/ Yoast SEO plugin. -->","yoast_head_json":{"title":"Ondersteuning - Nederlandse Genealogische Vereniging","description":"De Nederlandse Genealogische Vereniging biedt op velerlei wijzen ondersteuning bij het ontdekken van jouw familiegeschiedenis.","robots":{"index":"index","follow":"follow","max-snippet":"max-snippet:-1","max-image-preview":"max-image-preview:large","max-video-preview":"max-video-preview:-1"},"canonical":"https:\/\/www.ngv.nl\/hoofd\/ondersteuning\/","og_locale":"nl_NL","og_type":"article","og_title":"Ondersteuning - Nederlandse Genealogische Vereniging","og_description":"De Nederlandse Genealogische Vereniging biedt op velerlei wijzen ondersteuning bij het ontdekken van jouw familiegeschiedenis.","og_url":"https:\/\/www.ngv.nl\/hoofd\/ondersteuning\/","og_site_name":"Nederlandse Genealogische Vereniging","article_publisher":"https:\/\/www.facebook.com\/genealogie.ngv","article_modified_time":"2025-10-16T12:45:25+00:00","og_image":[{"width":2560,"height":1707,"url":"https:\/\/www.ngv.nl\/hoofd\/wp-content\/uploads\/2025\/10\/people-looking-picture-album-scaled.jpg","type":"image\/jpeg"}],"twitter_card":"summary_large_image","twitter_site":"@NGV_Genealogie","twitter_misc":{"Geschatte leestijd":"3 minuten"},"schema":{"@context":"https:\/\/schema.org","@graph":[{"@type":"WebPage","@id":"https:\/\/www.ngv.nl\/hoofd\/ondersteuning\/","url":"https:\/\/www.ngv.nl\/hoofd\/ondersteuning\/","name":"Ondersteuning - Nederlandse Genealogische Vereniging","isPartOf":{"@id":"https:\/\/www.ngv.nl\/hoofd\/#website"},"primaryImageOfPage":{"@id":"https:\/\/www.ngv.nl\/hoofd\/ondersteuning\/#primaryimage"},"image":{"@id":"https:\/\/www.ngv.nl\/hoofd\/ondersteuning\/#primaryimage"},"thumbnailUrl":"https:\/\/www.ngv.nl\/hoofd\/wp-content\/uploads\/2025\/10\/people-looking-picture-album-1024x683.jpg","datePublished":"2022-03-25T23:02:17+00:00","dateModified":"2025-10-16T12:45:25+00:00","description":"De Nederlandse Genealogische Vereniging biedt op velerlei wijzen ondersteuning bij het ontdekken van jouw familiegeschiedenis.","breadcrumb":{"@id":"https:\/\/www.ngv.nl\/hoofd\/ondersteuning\/#breadcrumb"},"inLanguage":"nl-NL","potentialAction":[{"@type":"ReadAction","target":["https:\/\/www.ngv.nl\/hoofd\/ondersteuning\/"]}]},{"@type":"ImageObject","inLanguage":"nl-NL","@id":"https:\/\/www.ngv.nl\/hoofd\/ondersteuning\/#primaryimage","url":"https:\/\/www.ngv.nl\/hoofd\/wp-content\/uploads\/2025\/10\/people-looking-picture-album-scaled.jpg","contentUrl":"https:\/\/www.ngv.nl\/hoofd\/wp-content\/uploads\/2025\/10\/people-looking-picture-album-scaled.jpg","width":2560,"height":1707},{"@type":"BreadcrumbList","@id":"https:\/\/www.ngv.nl\/hoofd\/ondersteuning\/#breadcrumb","itemListElement":[{"@type":"ListItem","position":1,"name":"Home","item":"https:\/\/www.ngv.nl\/hoofd\/"},{"@type":"ListItem","position":2,"name":"Ondersteuning"}]},{"@type":"WebSite","@id":"https:\/\/www.ngv.nl\/hoofd\/#website","url":"https:\/\/www.ngv.nl\/hoofd\/","name":"Nederlandse Genealogische Vereniging","description":"","publisher":{"@id":"https:\/\/www.ngv.nl\/hoofd\/#organization"},"potentialAction":[{"@type":"SearchAction","target":{"@type":"EntryPoint","urlTemplate":"https:\/\/www.ngv.nl\/hoofd\/?s={search_term_string}"},"query-input":{"@type":"PropertyValueSpecification","valueRequired":true,"valueName":"search_term_string"}}],"inLanguage":"nl-NL"},{"@type":"Organization","@id":"https:\/\/www.ngv.nl\/hoofd\/#organization","name":"Nederlandse Genealogische Vereniging","url":"https:\/\/www.ngv.nl\/hoofd\/","logo":{"@type":"ImageObject","inLanguage":"nl-NL","@id":"https:\/\/www.ngv.nl\/hoofd\/#\/schema\/logo\/image\/","url":"https:\/\/www.ngv.nl\/hoofd\/wp-content\/uploads\/2022\/08\/logo-205x108-1.jpg","contentUrl":"https:\/\/www.ngv.nl\/hoofd\/wp-content\/uploads\/2022\/08\/logo-205x108-1.jpg","width":205,"height":108,"caption":"Nederlandse Genealogische Vereniging"},"image":{"@id":"https:\/\/www.ngv.nl\/hoofd\/#\/schema\/logo\/image\/"},"sameAs":["https:\/\/www.facebook.com\/genealogie.ngv","https:\/\/x.com\/NGV_Genealogie"]}]}},"_links":{"self":[{"href":"https:\/\/www.ngv.nl\/hoofd\/wp-json\/wp\/v2\/pages\/1453","targetHints":{"allow":["GET"]}}],"collection":[{"href":"https:\/\/www.ngv.nl\/hoofd\/wp-json\/wp\/v2\/pages"}],"about":[{"href":"https:\/\/www.ngv.nl\/hoofd\/wp-json\/wp\/v2\/types\/page"}],"author":[{"embeddable":true,"href":"https:\/\/www.ngv.nl\/hoofd\/wp-json\/wp\/v2\/users\/1"}],"replies":[{"embeddable":true,"href":"https:\/\/www.ngv.nl\/hoofd\/wp-json\/wp\/v2\/comments?post=1453"}],"version-history":[{"count":13,"href":"https:\/\/www.ngv.nl\/hoofd\/wp-json\/wp\/v2\/pages\/1453\/revisions"}],"predecessor-version":[{"id":13217,"href":"https:\/\/www.ngv.nl\/hoofd\/wp-json\/wp\/v2\/pages\/1453\/revisions\/13217"}],"wp:attachment":[{"href":"https:\/\/www.ngv.nl\/hoofd\/wp-json\/wp\/v2\/media?parent=1453"}],"curies":[{"name":"wp","href":"https:\/\/api.w.org\/{rel}","templated":true}]}}